{"id":161,"date":"2021-10-09T15:33:52","date_gmt":"2021-10-09T13:33:52","guid":{"rendered":"http:\/\/danslesyeuxdejasmine.photo\/?page_id=161"},"modified":"2022-06-05T22:48:46","modified_gmt":"2022-06-05T20:48:46","slug":"photos-denfants","status":"publish","type":"page","link":"https:\/\/danslesyeuxdejasmine.photo\/index.php\/photos-denfants\/","title":{"rendered":"Enfants"},"content":{"rendered":"\n<p class=\"has-text-align-left has-text-color\" style=\"color:#c8c8c8\">J&rsquo;entends souvent dire autour de moi que les enfants grandissent trop vite. Et si on immortalisait les instants de leur vie?<\/p>\n\n\n\n<p class=\"has-text-color\" style=\"color:#c8c8c8\">Pour vous en souvenir tout au long de leur enfance et lors de leur adolescence&#8230; Pour qu&rsquo;ils les montrent \u00e0 leurs enfants et \u00e0 leurs petits-enfants&#8230;<\/p>\n\n\n\n<p class=\"has-text-color\" style=\"color:#c8c8c8\">Je vous propose d&rsquo;immortaliser ces instants en toute discr\u00e9tion pour ne pas les d\u00e9ranger. La s\u00e9ance photo se d\u00e9roulera \u00e0 leur rythme. Je vous offrirai un r\u00e9sultat r\u00e9el et naturel. <\/p>\n\n\n\n<div class=\"wp-block-ftg-gallery\"><!-- Final Tiles Grid Gallery for WordPress v3.5.8 free --><style>#ftg-22 .tile .icon { color:#ffffff; }#ftg-22 .ftg-items .loading-bar i { background:#666; }#ftg-22 .ftg-items .loading-bar { background:#fff; }#ftg-22 .tile .icon { font-size:12px; }#ftg-22 .tile .icon { margin: -6px 0 0 -6px; }#ftg-22 .tile .caption-block .text-wrapper span.text { font-size:12px; }#ftg-22 .tile .caption-outside .text-wrapper span.text { font-size:12px; }#ftg-22 .tile .caption-block .text-wrapper span.title { font-size:14px; }#ftg-22 .tile .caption-outside .text-wrapper span.title { font-size:14px; }#ftg-22 .tile { background-color: transparent; }#ftg-22 .tile .caption-block .text-wrapper span.text { color: #ffffff; }#ftg-22 .tile .caption-block .text-wrapper span.title { color: #ffffff; }#ftg-22 .tile .caption-outside .text-wrapper span.text { color: #ffffff; }#ftg-22 .tile .caption-outside .text-wrapper span.title { color: #ffffff; }#ftg-22 .tile .ftg-social a { color: #ffffff; }#ftg-22 .tile .caption-block { transition-timing-function:linear; }#ftg-22 .tile .caption-block { transition-duration:0.25s; }#ftg-22 .tile .tile-inner:before { background-color: #000000; }#ftg-22 .tile .tile-inner:before { background-color: rgba(0, 0, 0, 0.8); }<\/style><a name='2'><\/a><div class='final-tiles-gallery  ftg-hover-enabled caption-inside  caption-none caption-middle caption-center' id='ftg-22' style='width:100%'><div class='ftg-items'><div class='loading-bar'><i><\/i><\/div><div  class='tile ftg-preload  '><a title=\"JCHRISTOPH-4\" data-lightbox='ftg-22' rel='ftg-22'  class=' tile-inner  ftg-lightbox' href='https:\/\/danslesyeuxdejasmine.photo\/wp-content\/uploads\/2021\/11\/JCHRISTOPH-4.jpg' ><img alt='JCHRISTOPH-4' class='item skip-lazy' data-class='item' data-ftg-source='https:\/\/danslesyeuxdejasmine.photo\/wp-content\/uploads\/2021\/11\/JCHRISTOPH-4.jpg' src='https:\/\/danslesyeuxdejasmine.photo\/wp-content\/uploads\/2021\/11\/JCHRISTOPH-4.jpg' width='768' height='512' \/><span class='icon fa fa-zoom'><\/span><div class='caption-block'><div class='text-wrapper'><span class='title'>JCHRISTOPH-4<\/span><\/div><\/div><\/a><div class='ftg-social'><\/div><\/div><div  class='tile ftg-preload  '><a title=\"JCHRISTOPH-9249\" data-lightbox='ftg-22' rel='ftg-22'  class=' tile-inner  ftg-lightbox' href='https:\/\/danslesyeuxdejasmine.photo\/wp-content\/uploads\/2021\/11\/JCHRISTOPH-9249.jpg' ><img alt='JCHRISTOPH-9249' class='item skip-lazy' data-class='item' data-ftg-source='https:\/\/danslesyeuxdejasmine.photo\/wp-content\/uploads\/2021\/11\/JCHRISTOPH-9249.jpg' src='https:\/\/danslesyeuxdejasmine.photo\/wp-content\/uploads\/2021\/11\/JCHRISTOPH-9249.jpg' width='768' height='512' \/><span class='icon fa fa-zoom'><\/span><div class='caption-block'><div class='text-wrapper'><span class='title'>JCHRISTOPH-9249<\/span><\/div><\/div><\/a><div class='ftg-social'><\/div><\/div><div  class='tile ftg-preload  '><a title=\"JCHRISTOPH-2072\" data-lightbox='ftg-22' rel='ftg-22'  class=' tile-inner  ftg-lightbox' href='https:\/\/danslesyeuxdejasmine.photo\/wp-content\/uploads\/2021\/11\/JCHRISTOPH-2072.jpg' ><img alt='JCHRISTOPH-2072' class='item skip-lazy' data-class='item' data-ftg-source='https:\/\/danslesyeuxdejasmine.photo\/wp-content\/uploads\/2021\/11\/JCHRISTOPH-2072.jpg' src='https:\/\/danslesyeuxdejasmine.photo\/wp-content\/uploads\/2021\/11\/JCHRISTOPH-2072.jpg' width='768' height='512' \/><span class='icon fa fa-zoom'><\/span><div class='caption-block'><div class='text-wrapper'><span class='title'>JCHRISTOPH-2072<\/span><\/div><\/div><\/a><div class='ftg-social'><\/div><\/div><div  class='tile ftg-preload  '><a title=\"JCHRISTOPH-9119\" data-lightbox='ftg-22' rel='ftg-22'  class=' tile-inner  ftg-lightbox' href='https:\/\/danslesyeuxdejasmine.photo\/wp-content\/uploads\/2021\/11\/JCHRISTOPH-9119.jpg' ><img alt='JCHRISTOPH-9119' class='item skip-lazy' data-class='item' data-ftg-source='https:\/\/danslesyeuxdejasmine.photo\/wp-content\/uploads\/2021\/11\/JCHRISTOPH-9119.jpg' src='https:\/\/danslesyeuxdejasmine.photo\/wp-content\/uploads\/2021\/11\/JCHRISTOPH-9119.jpg' width='512' height='512' \/><span class='icon fa fa-zoom'><\/span><div class='caption-block'><div class='text-wrapper'><span class='title'>JCHRISTOPH-9119<\/span><\/div><\/div><\/a><div class='ftg-social'><\/div><\/div><div  class='tile ftg-preload  '><a title=\"JCHRISTOPH-11\" data-lightbox='ftg-22' rel='ftg-22'  class=' tile-inner  ftg-lightbox' href='https:\/\/danslesyeuxdejasmine.photo\/wp-content\/uploads\/2021\/11\/JCHRISTOPH-11.jpg' ><img alt='JCHRISTOPH-11' class='item skip-lazy' data-class='item' data-ftg-source='https:\/\/danslesyeuxdejasmine.photo\/wp-content\/uploads\/2021\/11\/JCHRISTOPH-11.jpg' src='https:\/\/danslesyeuxdejasmine.photo\/wp-content\/uploads\/2021\/11\/JCHRISTOPH-11.jpg' width='768' height='511' \/><span class='icon fa fa-zoom'><\/span><div class='caption-block'><div class='text-wrapper'><span class='title'>JCHRISTOPH-11<\/span><\/div><\/div><\/a><div class='ftg-social'><\/div><\/div><div  class='tile ftg-preload  '><a title=\"JCHRISTOPH-2312\" data-lightbox='ftg-22' rel='ftg-22'  class=' tile-inner  ftg-lightbox' href='https:\/\/danslesyeuxdejasmine.photo\/wp-content\/uploads\/2021\/11\/JCHRISTOPH-2312.jpg' ><img alt='JCHRISTOPH-2312' class='item skip-lazy' data-class='item' data-ftg-source='https:\/\/danslesyeuxdejasmine.photo\/wp-content\/uploads\/2021\/11\/JCHRISTOPH-2312.jpg' src='https:\/\/danslesyeuxdejasmine.photo\/wp-content\/uploads\/2021\/11\/JCHRISTOPH-2312.jpg' width='512' height='512' \/><span class='icon fa fa-zoom'><\/span><div class='caption-block'><div class='text-wrapper'><span class='title'>JCHRISTOPH-2312<\/span><\/div><\/div><\/a><div class='ftg-social'><\/div><\/div><div  class='tile ftg-preload  '><a title=\"JCHRISTOPH-17\" data-lightbox='ftg-22' rel='ftg-22'  class=' tile-inner  ftg-lightbox' href='https:\/\/danslesyeuxdejasmine.photo\/wp-content\/uploads\/2021\/11\/JCHRISTOPH-17.jpg' ><img alt='JCHRISTOPH-17' class='item skip-lazy' data-class='item' data-ftg-source='https:\/\/danslesyeuxdejasmine.photo\/wp-content\/uploads\/2021\/11\/JCHRISTOPH-17.jpg' src='https:\/\/danslesyeuxdejasmine.photo\/wp-content\/uploads\/2021\/11\/JCHRISTOPH-17.jpg' width='341' height='512' \/><span class='icon fa fa-zoom'><\/span><div class='caption-block'><div class='text-wrapper'><span class='title'>JCHRISTOPH-17<\/span><\/div><\/div><\/a><div class='ftg-social'><\/div><\/div><div  class='tile ftg-preload  '><a title=\"JCHRISTOPH-14\" data-lightbox='ftg-22' rel='ftg-22'  class=' tile-inner  ftg-lightbox' href='https:\/\/danslesyeuxdejasmine.photo\/wp-content\/uploads\/2021\/11\/JCHRISTOPH-14.jpg' ><img alt='JCHRISTOPH-14' class='item skip-lazy' data-class='item' data-ftg-source='https:\/\/danslesyeuxdejasmine.photo\/wp-content\/uploads\/2021\/11\/JCHRISTOPH-14.jpg' src='https:\/\/danslesyeuxdejasmine.photo\/wp-content\/uploads\/2021\/11\/JCHRISTOPH-14.jpg' width='341' height='512' \/><span class='icon fa fa-zoom'><\/span><div class='caption-block'><div class='text-wrapper'><span class='title'>JCHRISTOPH-14<\/span><\/div><\/div><\/a><div class='ftg-social'><\/div><\/div><div  class='tile ftg-preload  '><a title=\"JCHRISTOPH-9076\" data-lightbox='ftg-22' rel='ftg-22'  class=' tile-inner  ftg-lightbox' href='https:\/\/danslesyeuxdejasmine.photo\/wp-content\/uploads\/2021\/11\/JCHRISTOPH-9076.jpg' ><img alt='JCHRISTOPH-9076' class='item skip-lazy' data-class='item' data-ftg-source='https:\/\/danslesyeuxdejasmine.photo\/wp-content\/uploads\/2021\/11\/JCHRISTOPH-9076.jpg' src='https:\/\/danslesyeuxdejasmine.photo\/wp-content\/uploads\/2021\/11\/JCHRISTOPH-9076.jpg' width='341' height='512' \/><span class='icon fa fa-zoom'><\/span><div class='caption-block'><div class='text-wrapper'><span class='title'>JCHRISTOPH-9076<\/span><\/div><\/div><\/a><div class='ftg-social'><\/div><\/div><div  class='tile ftg-preload  '><a title=\"JCHRISTOPH-1800\" data-lightbox='ftg-22' rel='ftg-22'  class=' tile-inner  ftg-lightbox' href='https:\/\/danslesyeuxdejasmine.photo\/wp-content\/uploads\/2021\/11\/JCHRISTOPH-1800.jpg' ><img alt='JCHRISTOPH-1800' class='item skip-lazy' data-class='item' data-ftg-source='https:\/\/danslesyeuxdejasmine.photo\/wp-content\/uploads\/2021\/11\/JCHRISTOPH-1800.jpg' src='https:\/\/danslesyeuxdejasmine.photo\/wp-content\/uploads\/2021\/11\/JCHRISTOPH-1800.jpg' width='767' height='512' \/><span class='icon fa fa-zoom'><\/span><div class='caption-block'><div class='text-wrapper'><span class='title'>JCHRISTOPH-1800<\/span><\/div><\/div><\/a><div class='ftg-social'><\/div><\/div><div  class='tile ftg-preload  '><a title=\"JCHRISTOPH-6069\" data-lightbox='ftg-22' rel='ftg-22'  class=' tile-inner  ftg-lightbox' href='https:\/\/danslesyeuxdejasmine.photo\/wp-content\/uploads\/2021\/11\/JCHRISTOPH-6069.jpg' ><img alt='JCHRISTOPH-6069' class='item skip-lazy' data-class='item' data-ftg-source='https:\/\/danslesyeuxdejasmine.photo\/wp-content\/uploads\/2021\/11\/JCHRISTOPH-6069.jpg' src='https:\/\/danslesyeuxdejasmine.photo\/wp-content\/uploads\/2021\/11\/JCHRISTOPH-6069.jpg' width='767' height='512' \/><span class='icon fa fa-zoom'><\/span><div class='caption-block'><div class='text-wrapper'><span class='title'>JCHRISTOPH-6069<\/span><\/div><\/div><\/a><div class='ftg-social'><\/div><\/div><div  class='tile ftg-preload  '><a title=\"JCHRISTOPH-2571\" data-lightbox='ftg-22' rel='ftg-22'  class=' tile-inner  ftg-lightbox' href='https:\/\/danslesyeuxdejasmine.photo\/wp-content\/uploads\/2021\/11\/JCHRISTOPH-2571.jpg' ><img alt='JCHRISTOPH-2571' class='item skip-lazy' data-class='item' data-ftg-source='https:\/\/danslesyeuxdejasmine.photo\/wp-content\/uploads\/2021\/11\/JCHRISTOPH-2571.jpg' src='https:\/\/danslesyeuxdejasmine.photo\/wp-content\/uploads\/2021\/11\/JCHRISTOPH-2571.jpg' width='768' height='512' \/><span class='icon fa fa-zoom'><\/span><div class='caption-block'><div class='text-wrapper'><span class='title'>JCHRISTOPH-2571<\/span><\/div><\/div><\/a><div class='ftg-social'><\/div><\/div><div  class='tile ftg-preload  '><a title=\"JCHRISTOPH-9121\" data-lightbox='ftg-22' rel='ftg-22'  class=' tile-inner  ftg-lightbox' href='https:\/\/danslesyeuxdejasmine.photo\/wp-content\/uploads\/2021\/11\/JCHRISTOPH-9121.jpg' ><img alt='JCHRISTOPH-9121' class='item skip-lazy' data-class='item' data-ftg-source='https:\/\/danslesyeuxdejasmine.photo\/wp-content\/uploads\/2021\/11\/JCHRISTOPH-9121.jpg' src='https:\/\/danslesyeuxdejasmine.photo\/wp-content\/uploads\/2021\/11\/JCHRISTOPH-9121.jpg' width='341' height='512' \/><span class='icon fa fa-zoom'><\/span><div class='caption-block'><div class='text-wrapper'><span class='title'>JCHRISTOPH-9121<\/span><\/div><\/div><\/a><div class='ftg-social'><\/div><\/div><div  class='tile ftg-preload  '><a title=\"JCHRISTOPH-6457\" data-lightbox='ftg-22' rel='ftg-22'  class=' tile-inner  ftg-lightbox' href='https:\/\/danslesyeuxdejasmine.photo\/wp-content\/uploads\/2021\/11\/JCHRISTOPH-6457.jpg' ><img alt='JCHRISTOPH-6457' class='item skip-lazy' data-class='item' data-ftg-source='https:\/\/danslesyeuxdejasmine.photo\/wp-content\/uploads\/2021\/11\/JCHRISTOPH-6457.jpg' src='https:\/\/danslesyeuxdejasmine.photo\/wp-content\/uploads\/2021\/11\/JCHRISTOPH-6457.jpg' width='512' height='512' \/><span class='icon fa fa-zoom'><\/span><div class='caption-block'><div class='text-wrapper'><span class='title'>JCHRISTOPH-6457<\/span><\/div><\/div><\/a><div class='ftg-social'><\/div><\/div><div  class='tile ftg-preload  '><a title=\"JCHRISTOPH-9869\" data-lightbox='ftg-22' rel='ftg-22'  class=' tile-inner  ftg-lightbox' href='https:\/\/danslesyeuxdejasmine.photo\/wp-content\/uploads\/2021\/11\/JCHRISTOPH-9869.jpg' ><img alt='JCHRISTOPH-9869' class='item skip-lazy' data-class='item' data-ftg-source='https:\/\/danslesyeuxdejasmine.photo\/wp-content\/uploads\/2021\/11\/JCHRISTOPH-9869.jpg' src='https:\/\/danslesyeuxdejasmine.photo\/wp-content\/uploads\/2021\/11\/JCHRISTOPH-9869.jpg' width='341' height='512' \/><span class='icon fa fa-zoom'><\/span><div class='caption-block'><div class='text-wrapper'><span class='title'>JCHRISTOPH-9869<\/span><\/div><\/div><\/a><div class='ftg-social'><\/div><\/div><div  class='tile ftg-preload  '><a title=\"JCHRISTOPH-2603\" data-lightbox='ftg-22' rel='ftg-22'  class=' tile-inner  ftg-lightbox' href='https:\/\/danslesyeuxdejasmine.photo\/wp-content\/uploads\/2021\/11\/JCHRISTOPH-2603.jpg' ><img alt='JCHRISTOPH-2603' class='item skip-lazy' data-class='item' data-ftg-source='https:\/\/danslesyeuxdejasmine.photo\/wp-content\/uploads\/2021\/11\/JCHRISTOPH-2603.jpg' src='https:\/\/danslesyeuxdejasmine.photo\/wp-content\/uploads\/2021\/11\/JCHRISTOPH-2603.jpg' width='727' height='512' \/><span class='icon fa fa-zoom'><\/span><div class='caption-block'><div class='text-wrapper'><span class='title'>JCHRISTOPH-2603<\/span><\/div><\/div><\/a><div class='ftg-social'><\/div><\/div><div  class='tile ftg-preload  '><a title=\"JCHRISTOPH-12\" data-lightbox='ftg-22' rel='ftg-22'  class=' tile-inner  ftg-lightbox' href='https:\/\/danslesyeuxdejasmine.photo\/wp-content\/uploads\/2021\/11\/JCHRISTOPH-12.jpg' ><img alt='JCHRISTOPH-12' class='item skip-lazy' data-class='item' data-ftg-source='https:\/\/danslesyeuxdejasmine.photo\/wp-content\/uploads\/2021\/11\/JCHRISTOPH-12.jpg' src='https:\/\/danslesyeuxdejasmine.photo\/wp-content\/uploads\/2021\/11\/JCHRISTOPH-12.jpg' width='767' height='512' \/><span class='icon fa fa-zoom'><\/span><div class='caption-block'><div class='text-wrapper'><span class='title'>JCHRISTOPH-12<\/span><\/div><\/div><\/a><div class='ftg-social'><\/div><\/div><div  class='tile ftg-preload  '><a title=\"JCHRISTOPH-2606-2\" data-lightbox='ftg-22' rel='ftg-22'  class=' tile-inner  ftg-lightbox' href='https:\/\/danslesyeuxdejasmine.photo\/wp-content\/uploads\/2021\/11\/JCHRISTOPH-2606-2.jpg' ><img alt='JCHRISTOPH-2606-2' class='item skip-lazy' data-class='item' data-ftg-source='https:\/\/danslesyeuxdejasmine.photo\/wp-content\/uploads\/2021\/11\/JCHRISTOPH-2606-2.jpg' src='https:\/\/danslesyeuxdejasmine.photo\/wp-content\/uploads\/2021\/11\/JCHRISTOPH-2606-2.jpg' width='767' height='512' \/><span class='icon fa fa-zoom'><\/span><div class='caption-block'><div class='text-wrapper'><span class='title'>JCHRISTOPH-2606-2<\/span><\/div><\/div><\/a><div class='ftg-social'><\/div><\/div><div  class='tile ftg-preload  '><a title=\"JCHRISTOPH-2751\" data-lightbox='ftg-22' rel='ftg-22'  class=' tile-inner  ftg-lightbox' href='https:\/\/danslesyeuxdejasmine.photo\/wp-content\/uploads\/2021\/11\/JCHRISTOPH-2751.jpg' ><img alt='JCHRISTOPH-2751' class='item skip-lazy' data-class='item' data-ftg-source='https:\/\/danslesyeuxdejasmine.photo\/wp-content\/uploads\/2021\/11\/JCHRISTOPH-2751.jpg' src='https:\/\/danslesyeuxdejasmine.photo\/wp-content\/uploads\/2021\/11\/JCHRISTOPH-2751.jpg' width='512' height='512' \/><span class='icon fa fa-zoom'><\/span><div class='caption-block'><div class='text-wrapper'><span class='title'>JCHRISTOPH-2751<\/span><\/div><\/div><\/a><div class='ftg-social'><\/div><\/div><div  class='tile ftg-preload  '><a title=\"JCHRISTOPH-2643\" data-lightbox='ftg-22' rel='ftg-22'  class=' tile-inner  ftg-lightbox' href='https:\/\/danslesyeuxdejasmine.photo\/wp-content\/uploads\/2021\/11\/JCHRISTOPH-2643.jpg' ><img alt='JCHRISTOPH-2643' class='item skip-lazy' data-class='item' data-ftg-source='https:\/\/danslesyeuxdejasmine.photo\/wp-content\/uploads\/2021\/11\/JCHRISTOPH-2643.jpg' src='https:\/\/danslesyeuxdejasmine.photo\/wp-content\/uploads\/2021\/11\/JCHRISTOPH-2643.jpg' width='482' height='512' \/><span class='icon fa fa-zoom'><\/span><div class='caption-block'><div class='text-wrapper'><span class='title'>JCHRISTOPH-2643<\/span><\/div><\/div><\/a><div class='ftg-social'><\/div><\/div><div  class='tile ftg-preload  '><a title=\"JCHRISTOPH-16\" data-lightbox='ftg-22' rel='ftg-22'  class=' tile-inner  ftg-lightbox' href='https:\/\/danslesyeuxdejasmine.photo\/wp-content\/uploads\/2021\/11\/JCHRISTOPH-16.jpg' ><img alt='JCHRISTOPH-16' class='item skip-lazy' data-class='item' data-ftg-source='https:\/\/danslesyeuxdejasmine.photo\/wp-content\/uploads\/2021\/11\/JCHRISTOPH-16.jpg' src='https:\/\/danslesyeuxdejasmine.photo\/wp-content\/uploads\/2021\/11\/JCHRISTOPH-16.jpg' width='512' height='512' \/><span class='icon fa fa-zoom'><\/span><div class='caption-block'><div class='text-wrapper'><span class='title'>JCHRISTOPH-16<\/span><\/div><\/div><\/a><div class='ftg-social'><\/div><\/div><div  class='tile ftg-preload  '><a title=\"JCHRISTOPH-2781-2\" data-lightbox='ftg-22' rel='ftg-22'  class=' tile-inner  ftg-lightbox' href='https:\/\/danslesyeuxdejasmine.photo\/wp-content\/uploads\/2021\/11\/JCHRISTOPH-2781-2.jpg' ><img alt='JCHRISTOPH-2781-2' class='item skip-lazy' data-class='item' data-ftg-source='https:\/\/danslesyeuxdejasmine.photo\/wp-content\/uploads\/2021\/11\/JCHRISTOPH-2781-2.jpg' src='https:\/\/danslesyeuxdejasmine.photo\/wp-content\/uploads\/2021\/11\/JCHRISTOPH-2781-2.jpg' width='512' height='512' \/><span class='icon fa fa-zoom'><\/span><div class='caption-block'><div class='text-wrapper'><span class='title'>JCHRISTOPH-2781-2<\/span><\/div><\/div><\/a><div class='ftg-social'><\/div><\/div><div  class='tile ftg-preload  '><a title=\"JCHRISTOPH-2636\" data-lightbox='ftg-22' rel='ftg-22'  class=' tile-inner  ftg-lightbox' href='https:\/\/danslesyeuxdejasmine.photo\/wp-content\/uploads\/2021\/11\/JCHRISTOPH-2636.jpg' ><img alt='JCHRISTOPH-2636' class='item skip-lazy' data-class='item' data-ftg-source='https:\/\/danslesyeuxdejasmine.photo\/wp-content\/uploads\/2021\/11\/JCHRISTOPH-2636.jpg' src='https:\/\/danslesyeuxdejasmine.photo\/wp-content\/uploads\/2021\/11\/JCHRISTOPH-2636.jpg' width='768' height='512' \/><span class='icon fa fa-zoom'><\/span><div class='caption-block'><div class='text-wrapper'><span class='title'>JCHRISTOPH-2636<\/span><\/div><\/div><\/a><div class='ftg-social'><\/div><\/div><\/div><\/div><script type='text\/javascript'>jQuery('#ftg-22 img.item').removeAttr('src');jQuery(document).ready(function () {setTimeout(function () {jQuery('#ftg-22').finalTilesGallery({minTileWidth: 250,margin: 10,loadMethod: 'sequential',nonce: '7a596e9260',galleryId: '2',setupFilters: true,layout: 'columns',debug: false,gridSize: 25,disableGridSizeBelow:800,allowEnlargement: true,columns: [[4000, 4],[1024, 4],[800, 3],[480, 3],[320, 2]],selectedFilter: 'n-a'});jQuery(function () {(function () {var rel = '';jQuery('#ftg-22 .ftg-lightbox').click(function (e) {rel = jQuery(this).attr('rel');jQuery('#ftg-22 .ftg-current').removeClass('ftg-current');jQuery('#ftg-22 [rel=\"'+rel+'\"]').addClass('ftg-current');});})();});}, 0);});<\/script><\/div>\n\n\n\n<p><\/p>\n","protected":false},"excerpt":{"rendered":"<p>J&rsquo;entends souvent dire autour de moi que les enfants grandissent trop vite. Et si on immortalisait les instants de leur vie? Pour vous en souvenir tout au long de leur<\/p>\n<p class=\"more-link\"><a href=\"https:\/\/danslesyeuxdejasmine.photo\/index.php\/photos-denfants\/\" class=\"readmore\">Continue reading<svg class=\"icon icon-arrow-right\" aria-hidden=\"true\" role=\"img\"> <use href=\"#icon-arrow-right\" xlink:href=\"#icon-arrow-right\"><\/use> <\/svg><span class=\"screen-reader-text\">Enfants<\/span><\/a><\/p>\n","protected":false},"author":1,"featured_media":0,"parent":0,"menu_order":0,"comment_status":"closed","ping_status":"closed","template":"","meta":{"ngg_post_thumbnail":0,"footnotes":""},"class_list":["post-161","page","type-page","status-publish","hentry"],"_links":{"self":[{"href":"https:\/\/danslesyeuxdejasmine.photo\/index.php\/wp-json\/wp\/v2\/pages\/161","targetHints":{"allow":["GET"]}}],"collection":[{"href":"https:\/\/danslesyeuxdejasmine.photo\/index.php\/wp-json\/wp\/v2\/pages"}],"about":[{"href":"https:\/\/danslesyeuxdejasmine.photo\/index.php\/wp-json\/wp\/v2\/types\/page"}],"author":[{"embeddable":true,"href":"https:\/\/danslesyeuxdejasmine.photo\/index.php\/wp-json\/wp\/v2\/users\/1"}],"replies":[{"embeddable":true,"href":"https:\/\/danslesyeuxdejasmine.photo\/index.php\/wp-json\/wp\/v2\/comments?post=161"}],"version-history":[{"count":16,"href":"https:\/\/danslesyeuxdejasmine.photo\/index.php\/wp-json\/wp\/v2\/pages\/161\/revisions"}],"predecessor-version":[{"id":976,"href":"https:\/\/danslesyeuxdejasmine.photo\/index.php\/wp-json\/wp\/v2\/pages\/161\/revisions\/976"}],"wp:attachment":[{"href":"https:\/\/danslesyeuxdejasmine.photo\/index.php\/wp-json\/wp\/v2\/media?parent=161"}],"curies":[{"name":"wp","href":"https:\/\/api.w.org\/{rel}","templated":true}]}}