{"id":179,"date":"2021-10-09T16:12:01","date_gmt":"2021-10-09T14:12:01","guid":{"rendered":"https:\/\/danslesyeuxdejasmine.photo\/?page_id=179"},"modified":"2022-06-05T22:50:11","modified_gmt":"2022-06-05T20:50:11","slug":"evenements","status":"publish","type":"page","link":"https:\/\/danslesyeuxdejasmine.photo\/index.php\/evenements\/","title":{"rendered":"Ev\u00e9nements"},"content":{"rendered":"\n<p class=\"has-text-color\" style=\"color:#c8c8c8\">Mariage, bapt\u00eame, fian\u00e7aille, demande en mariage ou encore grossesse,&#8230; <\/p>\n\n\n\n<p class=\"has-text-color\" style=\"color:#c8c8c8\">Vous voulez graver ces moments dans votre m\u00e9moire et sur images pour vous en souvenir et les partager autour de vous?<\/p>\n\n\n\n<p class=\"has-text-color\" style=\"color:#c8c8c8\">Je les photographie de mani\u00e8re naturelle et spontan\u00e9e pour vous offrir le r\u00e9sultat le plus authentique possible.<\/p>\n\n\n\n<p> <\/p>\n\n\n\n<figure class=\"wp-block-image size-large\"><a href=\"https:\/\/danslesyeuxdejasmine.photo\/index.php\/mariages-2\/\"><img loading=\"lazy\" decoding=\"async\" width=\"1024\" height=\"818\" src=\"https:\/\/danslesyeuxdejasmine.photo\/wp-content\/uploads\/2021\/11\/JCHRISTOPH-7936-2-1024x818.jpg\" alt=\"\" class=\"wp-image-329\" srcset=\"https:\/\/danslesyeuxdejasmine.photo\/wp-content\/uploads\/2021\/11\/JCHRISTOPH-7936-2-1024x818.jpg 1024w, https:\/\/danslesyeuxdejasmine.photo\/wp-content\/uploads\/2021\/11\/JCHRISTOPH-7936-2-300x240.jpg 300w, https:\/\/danslesyeuxdejasmine.photo\/wp-content\/uploads\/2021\/11\/JCHRISTOPH-7936-2-768x614.jpg 768w, https:\/\/danslesyeuxdejasmine.photo\/wp-content\/uploads\/2021\/11\/JCHRISTOPH-7936-2-1536x1227.jpg 1536w, https:\/\/danslesyeuxdejasmine.photo\/wp-content\/uploads\/2021\/11\/JCHRISTOPH-7936-2-2048x1637.jpg 2048w\" sizes=\"auto, (max-width: 1024px) 100vw, 1024px\" \/><\/a><figcaption>Mariage<\/figcaption><\/figure>\n\n\n\n<figure class=\"wp-block-image size-full\"><a href=\"https:\/\/danslesyeuxdejasmine.photo\/index.php\/grossesses\/\"><img loading=\"lazy\" decoding=\"async\" width=\"2560\" height=\"1707\" src=\"https:\/\/danslesyeuxdejasmine.photo\/wp-content\/uploads\/2021\/10\/JCHRISTOPH-4157-copie-scaled.jpg\" alt=\"\" class=\"wp-image-202\" srcset=\"https:\/\/danslesyeuxdejasmine.photo\/wp-content\/uploads\/2021\/10\/JCHRISTOPH-4157-copie-scaled.jpg 2560w, https:\/\/danslesyeuxdejasmine.photo\/wp-content\/uploads\/2021\/10\/JCHRISTOPH-4157-copie-300x200.jpg 300w, https:\/\/danslesyeuxdejasmine.photo\/wp-content\/uploads\/2021\/10\/JCHRISTOPH-4157-copie-1024x683.jpg 1024w, https:\/\/danslesyeuxdejasmine.photo\/wp-content\/uploads\/2021\/10\/JCHRISTOPH-4157-copie-768x512.jpg 768w, https:\/\/danslesyeuxdejasmine.photo\/wp-content\/uploads\/2021\/10\/JCHRISTOPH-4157-copie-1536x1024.jpg 1536w, https:\/\/danslesyeuxdejasmine.photo\/wp-content\/uploads\/2021\/10\/JCHRISTOPH-4157-copie-2048x1365.jpg 2048w\" sizes=\"auto, (max-width: 2560px) 100vw, 2560px\" \/><\/a><figcaption>Grossesse<\/figcaption><\/figure>\n\n\n\n<figure class=\"wp-block-image size-large\"><a href=\"https:\/\/danslesyeuxdejasmine.photo\/index.php\/bapteme\/\"><img loading=\"lazy\" decoding=\"async\" width=\"1024\" height=\"683\" src=\"https:\/\/danslesyeuxdejasmine.photo\/wp-content\/uploads\/2021\/11\/JCHRISTOPH-2148--1024x683.jpg\" alt=\"\" class=\"wp-image-679\" srcset=\"https:\/\/danslesyeuxdejasmine.photo\/wp-content\/uploads\/2021\/11\/JCHRISTOPH-2148--1024x683.jpg 1024w, https:\/\/danslesyeuxdejasmine.photo\/wp-content\/uploads\/2021\/11\/JCHRISTOPH-2148--300x200.jpg 300w, https:\/\/danslesyeuxdejasmine.photo\/wp-content\/uploads\/2021\/11\/JCHRISTOPH-2148--768x512.jpg 768w, https:\/\/danslesyeuxdejasmine.photo\/wp-content\/uploads\/2021\/11\/JCHRISTOPH-2148--1536x1024.jpg 1536w, https:\/\/danslesyeuxdejasmine.photo\/wp-content\/uploads\/2021\/11\/JCHRISTOPH-2148--2048x1365.jpg 2048w\" sizes=\"auto, (max-width: 1024px) 100vw, 1024px\" \/><\/a><figcaption>Bapt\u00eame<\/figcaption><\/figure>\n\n\n\n<p><\/p>\n","protected":false},"excerpt":{"rendered":"<p>Mariage, bapt\u00eame, fian\u00e7aille, demande en mariage ou encore grossesse,&#8230; Vous voulez graver ces moments dans votre m\u00e9moire et sur images pour vous en souvenir et les partager autour de vous?<\/p>\n<p class=\"more-link\"><a href=\"https:\/\/danslesyeuxdejasmine.photo\/index.php\/evenements\/\" class=\"readmore\">Continue reading<svg class=\"icon icon-arrow-right\" aria-hidden=\"true\" role=\"img\"> <use href=\"#icon-arrow-right\" xlink:href=\"#icon-arrow-right\"><\/use> <\/svg><span class=\"screen-reader-text\">Ev\u00e9nements<\/span><\/a><\/p>\n","protected":false},"author":1,"featured_media":0,"parent":0,"menu_order":0,"comment_status":"closed","ping_status":"closed","template":"","meta":{"ngg_post_thumbnail":0,"footnotes":""},"class_list":["post-179","page","type-page","status-publish","hentry"],"_links":{"self":[{"href":"https:\/\/danslesyeuxdejasmine.photo\/index.php\/wp-json\/wp\/v2\/pages\/179","targetHints":{"allow":["GET"]}}],"collection":[{"href":"https:\/\/danslesyeuxdejasmine.photo\/index.php\/wp-json\/wp\/v2\/pages"}],"about":[{"href":"https:\/\/danslesyeuxdejasmine.photo\/index.php\/wp-json\/wp\/v2\/types\/page"}],"author":[{"embeddable":true,"href":"https:\/\/danslesyeuxdejasmine.photo\/index.php\/wp-json\/wp\/v2\/users\/1"}],"replies":[{"embeddable":true,"href":"https:\/\/danslesyeuxdejasmine.photo\/index.php\/wp-json\/wp\/v2\/comments?post=179"}],"version-history":[{"count":18,"href":"https:\/\/danslesyeuxdejasmine.photo\/index.php\/wp-json\/wp\/v2\/pages\/179\/revisions"}],"predecessor-version":[{"id":977,"href":"https:\/\/danslesyeuxdejasmine.photo\/index.php\/wp-json\/wp\/v2\/pages\/179\/revisions\/977"}],"wp:attachment":[{"href":"https:\/\/danslesyeuxdejasmine.photo\/index.php\/wp-json\/wp\/v2\/media?parent=179"}],"curies":[{"name":"wp","href":"https:\/\/api.w.org\/{rel}","templated":true}]}}